 base 9, what is -188876 - 435?
-200422
In base 14, what is 614 - -6ddbc?
705d2
In base 16, what is 3eb3e8 + 1f?
3eb407
In base 12, what is 32a1 + 631?
3912
In base 9, what is -734387 - -400?
-733887
In base 11, what is 96 - 104944?
-104859
In base 5, what is -4 + 23333301102?
23333301043
In base 4, what is -113332211013 - -3?
-113332211010
In base 2, what is 0 - 1110000100001010001000?
-1110000100001010001000
In base 7, what is -306 - -610660?
610351
In base 5, what is 14313130 - -423?
14314103
In base 11, what is -4 + -41426847?
-41426850
In base 13, what is cb22 + 83?
cba5
In base 11, what is 54628882 + 2?
54628884
In base 10, what is -136 + -73656?
-73792
In base 4, what is -112233122 - 1113300?
-120013022
In base 15, what is 25d9 + -32a77?
-3048d
In base 7, what is -10 - 6312134?
-6312144
In base 6, what is -30315 + 503245?
432530
In base 16, what is -12b9 + 37aa?
24f1
In base 7, what is -2056 + -11142123?
-11144212
In base 2, what is 1110101010101111111011000111 - 100?
1110101010101111111011000011
In base 11, what is -1431a728 - -7?
-1431a721
In base 4, what is -2300 - 131211302200?
-131211311100
In base 4, what is 230110 - -23210033?
30100203
In base 5, what is 11243412 + -14242?
11224120
In base 4, what is -323200 + 232010?
-31130
In base 7, what is -32630 - -56404?
23444
In base 12, what is 13a32900 - -3?
13a32903
In base 9, what is -2 - 1568017?
-1568020
In base 10, what is -11 - 1306230?
-1306241
In base 2, what is -110010100011 - 1001000101001?
-1111011001100
In base 7, what is -3 - -14322116?
14322113
In base 8, what is -5647716 - -130?
-5647566
In base 6, what is 335401 - -532?
340333
In base 10, what is -1787474 + 4?
-1787470
In base 14, what is 410 - 1c1b?
-180b
In base 4, what is -2 - -2323012013312?
2323012013310
In base 9, what is 75 - -1676384?
1676470
In base 16, what is -148d8f - 2?
-148d91
In base 7, what is -34 - 10264142?
-10264206
In base 12, what is 85 - 75825?
-75760
In base 3, what is 12 + -11201102021020202?
-11201102021020120
In base 15, what is -deb07 - 94?
-deb9b
In base 14, what is -1 - 3524b34?
-3524b35
In base 11, what is -554 + -1097?
-1640
In base 7, what is 5 + 161163150?
161163155
In base 2, what is -11000110110110100010101 + -11110100?
-11000110110111000001001
In base 10, what is 52225 - -2742?
54967
In base 15, what is 7 - 654082?
-65407a
In base 5, what is -2 + -22431311043?
-22431311100
In base 12, what is -1b077 - -70?
-1b007
In base 9, what is -1213 - -668042?
666728
In base 9, what is -76705 - 2?
-76707
In base 9, what is 2554 + -10667?
-7113
In base 5, what is 3244121 - 12403?
3231213
In base 13, what is 406289a + 3?
40628a0
In base 3, what is 121220 + 20022002?
20220222
In base 15, what is 17 + -b5b03d?
-b5b026
In base 15, what is -55 - -2d854d?
2d84e8
In base 9, what is -3108646 + -5?
-3108652
In base 14, what is 9b138a + -45?
9b1345
In base 14, what is 2 + 1b2406a?
1b2406c
In base 10, what is -313 + -400815?
-401128
In base 3, what is -10120012001021210 + 10?
-10120012001021200
In base 2, what is 10110000 - -1101100110?
10000010110
In base 14, what is 41c - -56?
474
In base 14, what is 1c0 - -34aa?
368a
In base 7, what is 664230 - 11404?
652523
In base 4, what is 1132322013103 - -3?
1132322013112
In base 2, what is -110010 - -110001110110111?
110001110000101
In base 13, what is -3b2b9008 - 0?
-3b2b9008
In base 4, what is 112203 + -203220?
-31011
In base 14, what is -53 + 25dc63?
25dc10
In base 10, what is 135 - -1660327?
1660462
In base 7, what is 5 + 16263624?
16263632
In base 3, what is 2011200111220 - -1?
2011200111221
In base 12, what is 174525 - -a5?
17460a
In base 5, what is 2424022402 + -3?
2424022344
In base 9, what is 53101 - -3341?
56442
In base 2, what is -1000010001100 + 1011010011111100?
1010010001110000
In base 14, what is -c - 2c6cad?
-2c6cbb
In base 14, what is -88 - -25b84?
25ada
In base 5, what is 134432 - 3143?
131234
In base 10, what is 21671 + 723?
22394
In base 13, what is -1 - 43303?
-43304
In base 6, what is -3501151 - -155?
-3500552
In base 15, what is -1698bb4 + -1?
-1698bb5
In base 6, what is 1 - -30444434?
30444435
In base 2, what is -111001100100001101 - 110?
-111001100100010011
In base 3, what is 102112120122 + -22220?
102112020202
In base 8, what is 10260 + -1744?
6314
In base 15, what is -6 + 381e4?
381dd
In base 2, what is -11001001011000010 + -110111101?
-11001010001111111
In base 15, what is -d + 919dec?
919dde
In base 14, what is -15bb62 - 67?
-15bbc9
In base 4, what is 203322 - -110203?
320131
In base 5, what is 2004120 + -231?
2003334
In base 15, what is -87 - 128461?
-1284e8
In base 9, what is 1106015 + 368?
1106384
In base 7, what is 3 + 1130561411?
1130561414
In base 5, what is -4243 - -111013423?
111004130
In base 7, what is -53215131 + 5?
-53215123
In base 9, what is 856 - -22414?
23371
In base 11, what is -19 - 1595a5?
-159613
In base 8, what is -1104455415 + 6?
-1104455407
In base 8, what is 333121 + 10?
333131
In base 8, what is 66 + 23707?
23775
In base 7, what is -130526144 + 1?
-130526143
In base 2, what is 100100000101011 + 111101111101?
101011110101000
In base 12, what is -b2a9b63a + 1?
-b2a9b639
In base 15, what is 2c + 185224?
185251
In base 6, what is 11115033 - -202?
11115235
In base 3, what is -200222101221212 + 10?
-200222101221202
In base 10, what is -30 - -805335?
805305
In base 3, what is -120112110111100200 - -1?
-120112110111100122
In base 5, what is -1332242 + 124?
-1332113
In base 13, what is -1a13 - -98b1?
7b9b
In base 11, what is 3126658 + 2?
312665a
In base 16, what is -3f - -a5e02d?
a5dfee
In base 15, what is -9 - 249309?
-249313
In base 10, what is -6 + -1791082?
-1791088
In base 10, what is 9479396 + -3?
9479393
In base 14, what is -3 - 123c6dc?
-123c701
In base 12, what is -1400a - 1b542?
-33550
In base 12, what is -299690a5 - -4?
-299690a1
In base 4, what is 30123 - -1221221223?
1221312012
In base 11, what is -37880 - -59?
-37822
In base 10, what is 616270 - 129?
616141
In base 7, what is -3 + 152214052?
152214046
In base 4, what is -121332 + 311331?
123333
In base 6, what is 105123333 - -343?
105124120
In base 3, what is -200212200 + -1101120?
-202021020
In base 9, what is 4 + -8841825?
-8841821
In base 8, what is 0 - -516641252?
516641252
In base 4, what is -1211113 + 131031?
-1020022
In base 9, what is -103045 + 326?
-102618
In base 4, what is -210312103201 - -10?
-210312103131
In base 13, what is 867527c + -5?
8675277
In base 12, what is b421 - -231?
b652
In base 10, what is 42234741 + 15?
42234756
In base 9, what is 0 - -332844045?
332844045
In base 2, what is 11011000000001111 - 10100001011010?
11000011110110101
In base 3, what is 1222111110 - 1001211?
1221102122
In base 8, what is 500221674 + 1?
500221675
In base 10, what is -2255308 - 1?
-2255309
In base 14, what is 0 - -6b3d599?
6b3d599
In base 9, what is 2306 + -10120?
-6713
In base 3, what is 122011 + 2221202210?
2222101221
In base 10, what is -1 + 80501331?
80501330
In base 15, what is d54 + 3dd8e?
3ebe3
In base 5, what is 4123301 + 240?
4124041
In base 6, what is 5 + 551525541?
551525550
In base 2, what is 10011 + 10110010110001101001111?
10110010110001101100010
In base 4, what is -302322130 - -103?
-302322021
In base 14, what is -1863 + -a88?
-250b
In base 15, what is -22 - -59eb9?
59e97
In base 7, what is 2214556 + -44?
2214512
In base 4, what is 1103302210 - 2201?
1103300003
In base 5, what is -3 - 33122322024?
-33122322032
In base 13, what is -930060 - -10?
-930050
In base 4, what is 10121 + 102222033?
102232220
In base 15, what is -28770 - -70?
-28700
In base 4, what is -1201 + -121023120?
-121030321
In base 10, what is 78 + -364991?
-364913
In base 11, what is 243 + -a6643?
-a6400
In base 9, what is 1 + 5162000?
5162001
In base 6, what is -251140 + 35?
-251101
In base 4, what is 21102 + 1033101133?
1033122301
In base 7, what is -2465 + -64400?
-100165
In base 15, what is -4470 + 466?
-4009
In base 11, what is 4915 - 614?
4301
In base 5, what is 1 - -410302222?
410302223
In base 16, what is 73 + d7d?
df0
In base 14, what is 7d3c54 - -2?
7d3c56
In base 16, what is 1e56 + -147?
1d0f
In base 4, what is 111333112330222 + 0?
111333112330222
In base 12, what is -3bb1b6 - 70?
-3bb266
In base 10, what is -10530908 + -2?
-10530910
In base 5, what is 32 + 1002